{"id":9,"date":"2020-05-01T15:03:32","date_gmt":"2020-05-01T13:03:32","guid":{"rendered":"http:\/\/rehagawron.pl\/?page_id=9"},"modified":"2026-01-14T09:34:34","modified_gmt":"2026-01-14T08:34:34","slug":"o-nas","status":"publish","type":"page","link":"http:\/\/rehagawron.pl\/?page_id=9","title":{"rendered":"O NAS"},"content":{"rendered":"\n<h1 class=\"wp-block-heading\">Jakub Gawron<br>mgr fizjoterapii<br>Numer prawa wykonywania zawodu: 1580<\/h1>\n\n\n<div class=\"wp-block-image\">\n<figure class=\"aligncenter size-large is-resized\"><img loading=\"lazy\" decoding=\"async\" width=\"921\" height=\"921\" src=\"http:\/\/rehagawron.pl\/wp-content\/uploads\/2021\/01\/WhatsApp-Image-2021-01-25-at-21.51.13-edited.jpeg\" alt=\"\" class=\"wp-image-154\" style=\"width:371px;height:371px\" srcset=\"http:\/\/rehagawron.pl\/wp-content\/uploads\/2021\/01\/WhatsApp-Image-2021-01-25-at-21.51.13-edited.jpeg 921w, http:\/\/rehagawron.pl\/wp-content\/uploads\/2021\/01\/WhatsApp-Image-2021-01-25-at-21.51.13-edited-300x300.jpeg 300w, http:\/\/rehagawron.pl\/wp-content\/uploads\/2021\/01\/WhatsApp-Image-2021-01-25-at-21.51.13-edited-150x150.jpeg 150w, http:\/\/rehagawron.pl\/wp-content\/uploads\/2021\/01\/WhatsApp-Image-2021-01-25-at-21.51.13-edited-768x768.jpeg 768w, http:\/\/rehagawron.pl\/wp-content\/uploads\/2021\/01\/WhatsApp-Image-2021-01-25-at-21.51.13-edited-100x100.jpeg 100w\" sizes=\"auto, (max-width: 767px) 89vw, (max-width: 1000px) 54vw, (max-width: 1071px) 543px, 580px\" \/><\/figure>\n<\/div>\n\n\n<p>W 2010 r. uko\u0144czy\u0142em studia na Wydziale Opieki Zdrowotnej \u015al\u0105skiego Uniwersytetu Medycznego zdobywaj\u0105c dyplom magistra fizjoterapii.<br>Prac\u0119 zawodow\u0105 rozpocz\u0105\u0142em w Mazowieckim Centrum Rehabilitacji Stocer w roku 2008, jeszcze jako licencjat fizjoterapii (przepracowa\u0142em 7 lat na oddziale rehabilitacji narz\u0105du ruchu &#8211; ortopedia, rehabilitacja pooperacyjna oraz neurologia).<br>Od roku 2009 rozpocz\u0105\u0142em wsp\u00f3\u0142prac\u0119 z Centrum Kompleksowej Rehabilitacji w Konstancinie, kt\u00f3ra trwa\u0142a 8 lat.<\/p>\n\n\n\n<p>1.06.2020 to czas wielu zmian w moim \u017cyciu i rozpocz\u0119cie dzia\u0142alno\u015bci Reha-Gawron.<br>Specjalizuj\u0119 si\u0119 w zmniejszaniu dolegliwo\u015bci b\u00f3lowych narz\u0105du ruchu, rehabilitacji pourazowej, pooperacyjnej, neurologicznej i po udarze.<br>Rehabilitacja cz\u0142owieka powinna by\u0107 ca\u0142o\u015bci\u0105, wymaga czego\u015b wi\u0119cej ni\u017c przypadkowego rozci\u0105gania pewnych obszar\u00f3w cia\u0142a\u2026 Swoj\u0105 terapi\u0119 opieram na wiedzy, do\u015bwiadczeniu i analizie.<br>Kursy i szkolenia:<br>\u2022 OMT Kaltenborn-Evjenth (terapia manualna zako\u0144czona egzaminem),<br>\u2022 PNF \u2013 kurs rozwijaj\u0105cy,<br>\u2022 kinesiotaping,<br>\u2022 udzia\u0142 w konferencjach oraz sympozjach;<br>W wolnych chwilach &#8220;wbijam platyny na PS4&#8221;, biegam oraz lubi\u0119 pu\u015bci\u0107 wodze fantazji przy kresce o\u0142\u00f3wka.<\/p>\n\n\n\n<h1 class=\"wp-block-heading\">ANNA URBANEK-GAWRON<br>mgr fizjoterapii<br>Numer prawa wykonywania zawodu: 3056<\/h1>\n\n\n<p><!-- Wklej mnie do tagu head -->\n      <link href=\"https:\/\/fonts.googleapis.com\/css?family=Lato&#038;display=swap\" rel=\"stylesheet\">\n<!-- --><br \/>\n<button\n  style=\"\n    padding: 8px 16px !important;\n    font-size: 14px !important;\n    border-radius: 15px !important;\n    font-family: 'Lato' !important;\n    border-color: transparent !important;\n    color: white !important;\n    background-color: #1baad6 !important;\n    cursor: pointer !important;\n  \"\n  onclick=\" window.open('https:\/\/zarejestrowani.pl\/w\/dxzMH0YVEwSlqv2j6c_aUA\/','_blank')\"\n><br \/>\n  Um\u00f3w si\u0119<br \/>\n<\/button><\/p>\n\n\n<div class=\"wp-block-image\">\n<figure class=\"aligncenter size-large is-resized\"><img loading=\"lazy\" decoding=\"async\" width=\"1280\" height=\"1282\" src=\"http:\/\/rehagawron.pl\/wp-content\/uploads\/2021\/01\/20200826_080902-edited.jpg\" alt=\"\" class=\"wp-image-121\" style=\"width:234px;height:234px\" srcset=\"http:\/\/rehagawron.pl\/wp-content\/uploads\/2021\/01\/20200826_080902-edited.jpg 1280w, http:\/\/rehagawron.pl\/wp-content\/uploads\/2021\/01\/20200826_080902-edited-300x300.jpg 300w, http:\/\/rehagawron.pl\/wp-content\/uploads\/2021\/01\/20200826_080902-edited-1022x1024.jpg 1022w, http:\/\/rehagawron.pl\/wp-content\/uploads\/2021\/01\/20200826_080902-edited-150x150.jpg 150w, http:\/\/rehagawron.pl\/wp-content\/uploads\/2021\/01\/20200826_080902-edited-768x769.jpg 768w, http:\/\/rehagawron.pl\/wp-content\/uploads\/2021\/01\/20200826_080902-edited-100x100.jpg 100w\" sizes=\"auto, (max-width: 767px) 89vw, (max-width: 1000px) 54vw, (max-width: 1071px) 543px, 580px\" \/><\/figure>\n<\/div>\n\n\n<p>Jestem absolwentk\u0105 Uniwersytetu Medycznego im. Karola Marcinkowskiego w Poznaniu, studi\u00f3w magisterskich na kierunku Fizjoterapia, oraz studi\u00f3w podyplomowych \u201cZaburzenia rozwoju dziecka i mo\u017cliwo\u015bci interwencji\u201d.<\/p>\n\n\n\n<p><br>Swoje do\u015bwiadczenie zawodowe zdobywa\u0142am pracuj\u0105c w renomowanym o\u015brodku w podwarszawskim Centrum Kompleksowej Rehabilitacji w Konstancinie-Jeziorne oraz od 2011 prowadz\u0119 w\u0142asn\u0105 dzia\u0142alno\u015b\u0107 \u2013 kt\u00f3ra zaowocowa\u0142a otwarciem z M\u0119\u017cem wsp\u00f3lnego gabinetu rehabilitacji \u2013 REHA GAWRON na \u015al\u0105sku w Gliwicach. Moj\u0105 ogromn\u0105 pasj\u0105 od pocz\u0105tku by\u0142a mo\u017cliwo\u015b\u0107 pracy z kobietami. Zacz\u0119\u0142o si\u0119 to od pierwszych moich&nbsp; studi\u00f3w, po\u0142o\u017cnictwa, p\u00f3\u017aniej fizjoterapii po kt\u00f3rej&nbsp; ukierunkowa\u0142am si\u0119 na rehabilitacje dzieci\u0119c\u0105 a\u017c do teraz, gdzie mog\u0119 po\u0142\u0105czy\u0107 te dwie swoje pasje: fizjoterapi\u0119 w uroginekologii oraz fizjoterapi\u0119 najm\u0142odszych pacjent\u00f3w.<\/p>\n\n\n\n<p>Obecnie spe\u0142niam si\u0119 zawodowo przyjmuj\u0105c u siebie w gabinecie, gdzie przeprowadzam pe\u0142n\u0105 diagnostyk\u0119 funkcjonaln\u0105 uroginekologiczn\u0105 &#8211;&nbsp; wykorzystaniem USG i EMG, a tak\u017ce przyjmuj\u0119 najm\u0142odszych pacjent\u00f3w.<\/p>\n\n\n\n<p>Wsp\u00f3\u0142pracuj\u0119 i udzielam konsultacji tak\u017ce w :<\/p>\n\n\n\n<p>Reha &#8211; Gawron &#8211; Gliwice<\/p>\n\n\n\n<p>Klinice RESMED \u2013 Bytom<\/p>\n\n\n\n<p>Klinice MED. SILESIA \u2013 Ruda \u015al\u0105ska<\/p>\n\n\n\n<p>Klinice AKMED \u2013 Gliwice<\/p>\n\n\n\n<p><strong>SZKOLENIA:<\/strong><\/p>\n\n\n\n<p>2022  \u2013  Fizjoterapia w nietrzymaniu moczu oraz obni\u017ceniu narz\u0105d\u00f3w miednicy mniejszej &#8211; szkolenie PTUG<\/p>\n\n\n\n<p>2020 \u2013 AEON fizjoterapia w po\u0142o\u017cnictwie i ginekologii \u2013 <\/p>\n\n\n\n<p>2020 \u2013 Pelvic floor Sonofeedback Therapy-ultrasonografia w fizjoterapii zaburze\u0144 dna miednicy &#8211; Urosilesia<\/p>\n\n\n\n<p>2020 \u2013 Fizjoterapia w uroginekologii interdyscyplinarnie &#8211; Urosilesia<\/p>\n\n\n\n<p>2020 \u2013 szkolenie fizjoterapia uroginekologiczna u kobiet z NTM<\/p>\n\n\n\n<p>2020 \u2013 szkolenie fizjoterapia uroginekologiczna u kobiet z endometrioz\u0105<\/p>\n\n\n\n<p>2020 \u2013 szkolenie fizjoterapia uroginekologiczna u kobiet z obni\u017ceniem narz\u0105d\u00f3w miednicy mniejszej<\/p>\n\n\n\n<p>2018 \u2013 kurs Integracji Sensorycznej II<\/p>\n\n\n\n<p>2018 \u2013 Trening dna miednicy modu\u0142 I, II, III<\/p>\n\n\n\n<p>2017 \u2013 kurs NDT Bobath Baby<\/p>\n\n\n\n<p>2017 \u2013 kurs Integracji Sensorycznej I\u00b0<\/p>\n\n\n\n<p>2016 \u2013 Kurs Instruktorski Masa\u017cu Shantala dla niemowl\u0105t<\/p>\n\n\n\n<p>2016 \u2013 kurs instruktorski &#8211; Doradca noszenia dzieci w chustach szko\u0142y ClauWi<\/p>\n\n\n\n<p>2016 \u2013 zastosowanie kinesiotapingu u kobiet w ci\u0105\u017cy w po\u0142ogu i ginekologii<\/p>\n\n\n\n<p>2016 \u2013 aktywno\u015b\u0107 fizyczna kobiet w ci\u0105\u017cy<\/p>\n\n\n\n<p>2016 \u2013 PNF w Skoliozach<\/p>\n\n\n\n<p>2015 \u2013&nbsp; kurs&nbsp; NDT Bobath dla dzieci \u2013 W\u0142oc\u0142awek<\/p>\n\n\n\n<p>2014 \u2013 Terapia Manualna wg Kaltenborn-Evjenthy (4 modu\u0142y)<\/p>\n\n\n\n<p>2012 \u2013 Mulligan (modu\u0142 A i B)<\/p>\n\n\n\n<p>2011 \u2013 kurs Podstawowy PNF<\/p>\n\n\n\n<p>2009 \u2013&nbsp; kurs Kinesiologytaping<\/p>\n\n\n\n<p><\/p>\n","protected":false},"excerpt":{"rendered":"<p>Jakub Gawronmgr fizjoterapiiNumer prawa wykonywania zawodu: 1580 W 2010 r. uko\u0144czy\u0142em studia na Wydziale Opieki Zdrowotnej \u015al\u0105skiego Uniwersytetu Medycznego zdobywaj\u0105c dyplom magistra fizjoterapii.Prac\u0119 zawodow\u0105 rozpocz\u0105\u0142em w Mazowieckim Centrum Rehabilitacji Stocer w roku 2008, jeszcze jako licencjat fizjoterapii (przepracowa\u0142em 7 lat na oddziale rehabilitacji narz\u0105du ruchu &#8211; ortopedia, rehabilitacja pooperacyjna oraz neurologia).Od roku 2009 rozpocz\u0105\u0142em wsp\u00f3\u0142prac\u0119 &hellip; <\/p>\n<p class=\"link-more\"><a href=\"http:\/\/rehagawron.pl\/?page_id=9\" class=\"more-link\">Continue reading<span class=\"screen-reader-text\"> &#8220;O NAS&#8221;<\/span><\/a><\/p>\n","protected":false},"author":1,"featured_media":44,"parent":0,"menu_order":0,"comment_status":"closed","ping_status":"closed","template":"","meta":{"footnotes":""},"class_list":["post-9","page","type-page","status-publish","has-post-thumbnail","hentry"],"_links":{"self":[{"href":"http:\/\/rehagawron.pl\/index.php?rest_route=\/wp\/v2\/pages\/9","targetHints":{"allow":["GET"]}}],"collection":[{"href":"http:\/\/rehagawron.pl\/index.php?rest_route=\/wp\/v2\/pages"}],"about":[{"href":"http:\/\/rehagawron.pl\/index.php?rest_route=\/wp\/v2\/types\/page"}],"author":[{"embeddable":true,"href":"http:\/\/rehagawron.pl\/index.php?rest_route=\/wp\/v2\/users\/1"}],"replies":[{"embeddable":true,"href":"http:\/\/rehagawron.pl\/index.php?rest_route=%2Fwp%2Fv2%2Fcomments&post=9"}],"version-history":[{"count":22,"href":"http:\/\/rehagawron.pl\/index.php?rest_route=\/wp\/v2\/pages\/9\/revisions"}],"predecessor-version":[{"id":322,"href":"http:\/\/rehagawron.pl\/index.php?rest_route=\/wp\/v2\/pages\/9\/revisions\/322"}],"wp:featuredmedia":[{"embeddable":true,"href":"http:\/\/rehagawron.pl\/index.php?rest_route=\/wp\/v2\/media\/44"}],"wp:attachment":[{"href":"http:\/\/rehagawron.pl\/index.php?rest_route=%2Fwp%2Fv2%2Fmedia&parent=9"}],"curies":[{"name":"wp","href":"https:\/\/api.w.org\/{rel}","templated":true}]}}

<h1 class="wp-block-heading">Jakub Gawron<br>mgr fizjoterapii<br>Numer prawa wykonywania zawodu: 1580</h1>


<div class="wp-block-image">
<figure class="aligncenter size-large is-resized"><img loading="lazy" decoding="async" width="921" height="921" src="http://rehagawron.pl/wp-content/uploads/2021/01/WhatsApp-Image-2021-01-25-at-21.51.13-edited.jpeg" alt="" class="wp-image-154" style="width:371px;height:371px" srcset="http://rehagawron.pl/wp-content/uploads/2021/01/WhatsApp-Image-2021-01-25-at-21.51.13-edited.jpeg 921w, http://rehagawron.pl/wp-content/uploads/2021/01/WhatsApp-Image-2021-01-25-at-21.51.13-edited-300x300.jpeg 300w, http://rehagawron.pl/wp-content/uploads/2021/01/WhatsApp-Image-2021-01-25-at-21.51.13-edited-150x150.jpeg 150w, http://rehagawron.pl/wp-content/uploads/2021/01/WhatsApp-Image-2021-01-25-at-21.51.13-edited-768x768.jpeg 768w, http://rehagawron.pl/wp-content/uploads/2021/01/WhatsApp-Image-2021-01-25-at-21.51.13-edited-100x100.jpeg 100w" sizes="auto, (max-width: 767px) 89vw, (max-width: 1000px) 54vw, (max-width: 1071px) 543px, 580px" /></figure>
</div>


<p>W 2010 r. ukończyłem studia na Wydziale Opieki Zdrowotnej Śląskiego Uniwersytetu Medycznego zdobywając dyplom magistra fizjoterapii.<br>Pracę zawodową rozpocząłem w Mazowieckim Centrum Rehabilitacji Stocer w roku 2008, jeszcze jako licencjat fizjoterapii (przepracowałem 7 lat na oddziale rehabilitacji narządu ruchu &#8211; ortopedia, rehabilitacja pooperacyjna oraz neurologia).<br>Od roku 2009 rozpocząłem współpracę z Centrum Kompleksowej Rehabilitacji w Konstancinie, która trwała 8 lat.</p>



<p>1.06.2020 to czas wielu zmian w moim życiu i rozpoczęcie działalności Reha-Gawron.<br>Specjalizuję się w zmniejszaniu dolegliwości bólowych narządu ruchu, rehabilitacji pourazowej, pooperacyjnej, neurologicznej i po udarze.<br>Rehabilitacja człowieka powinna być całością, wymaga czegoś więcej niż przypadkowego rozciągania pewnych obszarów ciała… Swoją terapię opieram na wiedzy, doświadczeniu i analizie.<br>Kursy i szkolenia:<br>• OMT Kaltenborn-Evjenth (terapia manualna zakończona egzaminem),<br>• PNF – kurs rozwijający,<br>• kinesiotaping,<br>• udział w konferencjach oraz sympozjach;<br>W wolnych chwilach &#8220;wbijam platyny na PS4&#8221;, biegam oraz lubię puścić wodze fantazji przy kresce ołówka.</p>



<h1 class="wp-block-heading">ANNA URBANEK-GAWRON<br>mgr fizjoterapii<br>Numer prawa wykonywania zawodu: 3056</h1>


<p><!-- Wklej mnie do tagu head -->
      <link href="https://fonts.googleapis.com/css?family=Lato&#038;display=swap" rel="stylesheet">
<!-- --><br />
<button
  style="
    padding: 8px 16px !important;
    font-size: 14px !important;
    border-radius: 15px !important;
    font-family: 'Lato' !important;
    border-color: transparent !important;
    color: white !important;
    background-color: #1baad6 !important;
    cursor: pointer !important;
  "
  onclick=" window.open('https://zarejestrowani.pl/w/dxzMH0YVEwSlqv2j6c_aUA/','_blank')"
><br />
  Umów się<br />
</button></p>


<div class="wp-block-image">
<figure class="aligncenter size-large is-resized"><img loading="lazy" decoding="async" width="1280" height="1282" src="http://rehagawron.pl/wp-content/uploads/2021/01/20200826_080902-edited.jpg" alt="" class="wp-image-121" style="width:234px;height:234px" srcset="http://rehagawron.pl/wp-content/uploads/2021/01/20200826_080902-edited.jpg 1280w, http://rehagawron.pl/wp-content/uploads/2021/01/20200826_080902-edited-300x300.jpg 300w, http://rehagawron.pl/wp-content/uploads/2021/01/20200826_080902-edited-1022x1024.jpg 1022w, http://rehagawron.pl/wp-content/uploads/2021/01/20200826_080902-edited-150x150.jpg 150w, http://rehagawron.pl/wp-content/uploads/2021/01/20200826_080902-edited-768x769.jpg 768w, http://rehagawron.pl/wp-content/uploads/2021/01/20200826_080902-edited-100x100.jpg 100w" sizes="auto, (max-width: 767px) 89vw, (max-width: 1000px) 54vw, (max-width: 1071px) 543px, 580px" /></figure>
</div>


<p>Jestem absolwentką Uniwersytetu Medycznego im. Karola Marcinkowskiego w Poznaniu, studiów magisterskich na kierunku Fizjoterapia, oraz studiów podyplomowych “Zaburzenia rozwoju dziecka i możliwości interwencji”.</p>



<p><br>Swoje doświadczenie zawodowe zdobywałam pracując w renomowanym ośrodku w podwarszawskim Centrum Kompleksowej Rehabilitacji w Konstancinie-Jeziorne oraz od 2011 prowadzę własną działalność – która zaowocowała otwarciem z Mężem wspólnego gabinetu rehabilitacji – REHA GAWRON na Śląsku w Gliwicach. Moją ogromną pasją od początku była możliwość pracy z kobietami. Zaczęło się to od pierwszych moich&nbsp; studiów, położnictwa, później fizjoterapii po której&nbsp; ukierunkowałam się na rehabilitacje dziecięcą aż do teraz, gdzie mogę połączyć te dwie swoje pasje: fizjoterapię w uroginekologii oraz fizjoterapię najmłodszych pacjentów.</p>



<p>Obecnie spełniam się zawodowo przyjmując u siebie w gabinecie, gdzie przeprowadzam pełną diagnostykę funkcjonalną uroginekologiczną &#8211;&nbsp; wykorzystaniem USG i EMG, a także przyjmuję najmłodszych pacjentów.</p>



<p>Współpracuję i udzielam konsultacji także w :</p>



<p>Reha &#8211; Gawron &#8211; Gliwice</p>



<p>Klinice RESMED – Bytom</p>



<p>Klinice MED. SILESIA – Ruda Śląska</p>



<p>Klinice AKMED – Gliwice</p>



<p><strong>SZKOLENIA:</strong></p>



<p>2022  –  Fizjoterapia w nietrzymaniu moczu oraz obniżeniu narządów miednicy mniejszej &#8211; szkolenie PTUG</p>



<p>2020 – AEON fizjoterapia w położnictwie i ginekologii – </p>



<p>2020 – Pelvic floor Sonofeedback Therapy-ultrasonografia w fizjoterapii zaburzeń dna miednicy &#8211; Urosilesia</p>



<p>2020 – Fizjoterapia w uroginekologii interdyscyplinarnie &#8211; Urosilesia</p>



<p>2020 – szkolenie fizjoterapia uroginekologiczna u kobiet z NTM</p>



<p>2020 – szkolenie fizjoterapia uroginekologiczna u kobiet z endometriozą</p>



<p>2020 – szkolenie fizjoterapia uroginekologiczna u kobiet z obniżeniem narządów miednicy mniejszej</p>



<p>2018 – kurs Integracji Sensorycznej II</p>



<p>2018 – Trening dna miednicy moduł I, II, III</p>



<p>2017 – kurs NDT Bobath Baby</p>



<p>2017 – kurs Integracji Sensorycznej I°</p>



<p>2016 – Kurs Instruktorski Masażu Shantala dla niemowląt</p>



<p>2016 – kurs instruktorski &#8211; Doradca noszenia dzieci w chustach szkoły ClauWi</p>



<p>2016 – zastosowanie kinesiotapingu u kobiet w ciąży w połogu i ginekologii</p>



<p>2016 – aktywność fizyczna kobiet w ciąży</p>



<p>2016 – PNF w Skoliozach</p>



<p>2015 –&nbsp; kurs&nbsp; NDT Bobath dla dzieci – Włocławek</p>



<p>2014 – Terapia Manualna wg Kaltenborn-Evjenthy (4 moduły)</p>



<p>2012 – Mulligan (moduł A i B)</p>



<p>2011 – kurs Podstawowy PNF</p>



<p>2009 –&nbsp; kurs Kinesiologytaping</p>



<p></p>

<p>Jakub Gawronmgr fizjoterapiiNumer prawa wykonywania zawodu: 1580 W 2010 r. ukończyłem studia na Wydziale Opieki Zdrowotnej Śląskiego Uniwersytetu Medycznego zdobywając dyplom magistra fizjoterapii.Pracę zawodową rozpocząłem w Mazowieckim Centrum Rehabilitacji Stocer w roku 2008, jeszcze jako licencjat fizjoterapii (przepracowałem 7 lat na oddziale rehabilitacji narządu ruchu &#8211; ortopedia, rehabilitacja pooperacyjna oraz neurologia).Od roku 2009 rozpocząłem współpracę &hellip; </p>
<p class="link-more"><a href="http://rehagawron.pl/?page_id=9" class="more-link">Continue reading<span class="screen-reader-text"> &#8220;O NAS&#8221;</span></a></p>
